the remainder when 86 is divided by u.
17
Calculate the remainder when 637/7 - (-1)/(5/30) is divided by 22.
9
What is the remainder when 92 is divided by (-76)/684 + (-100)/(-9)?
4
Let f(a) = 51*a**2 - 12*a - 18. What is the remainder when f(-3) is divided by 80?
77
Suppose 0 = 10*g - 14*g + 3*t + 39, 4*t + 22 = 2*g. Calculate the remainder when g is divided by 1.
0
Suppose -4*z + z - 5*m = -122, 4*z = -2*m + 158. Let c(r) = 2*r**2 - r**3 - 402*r + 804*r - 2 - 405*r. What is the remainder when z is divided by c(-2)?
19
Let h(i) be the third derivative of -i**4/12 + 2*i**3/3 + 3*i**2. What is the remainder when h(-3) is divided by 7?
3
Let f be (0*(-3)/(-6))/(-2 - 1). Suppose f = c - 4*h - 94, h + 172 = 2*c - 9. Calculate the remainder when c is divided by 46.
44
Let f = -54 - -68. What is the remainder when f is divided by (1 + -5)*1/(-2)?
0
Let w(u) = -u**3 - 14*u**2 - 22*u + 44. Calculate the remainder when 114 is divided by w(-12).
14
Let y be (-3)/((-12)/(-164)) - -2. Let z = -35 - y. Suppose 0 = z*r - 30 - 58. What is the remainder when 41 is divided by r?
19
Suppose -4*x = -5*m + 3015, 2*m - 72 = 5*x + 1151. Calculate the remainder when m is divided by 50.
49
Suppose 2*z + 0*z = 4. Suppose 115 = 4*i - t, 3*i + 3*t - 115 = -z*t. What is the remainder when i is divided by 4/((-2)/((-8)/2))?
6
Let k(n) = 8*n**3 + 3*n**2 + 5*n - 1. What is the remainder when k(4) is divided by 97?
94
Let f(l) = -l**2 + 4*l + 3. Let j be f(5). Calculate the remainder when -1 + -86*1/j is divided by 22.
20
Suppose 2*o + 16 = 4*s - 58, 4*o = -4. Calculate the remainder when 26/(2 + (-9)/6) is divided by s.
16
Suppose 0 = w + 6 - 1, 0 = 4*i + 5*w + 1. Let t(k) = k**2 - 4*k + 3. Let x be t(11). Suppose 0*r + x = 5*r. What is the remainder when r is divided by i?
4
Suppose -4*g + 3*t = -6, -10 = -3*g - t + 1. What is the remainder when 49 is divided by 1*(g + -4) - -14?
10
Suppose -31*p + 49*p - 288 = 0. Calculate the remainder when 698 is divided by p.
10
Let v be -1 - (-5)/(4 + -9). Let d(u) = 2*u**2 + 2*u. What is the remainder when 35 is divided by d(v)?
3
Let o = -298 - -393. What is the remainder when o is divided by 9?
5
Let s(m) = m**3 + 12*m**2 - 5*m - 32. Calculate the remainder when s(-8) is divided by 153.
111
Let a = -14 - -21. Let p = a - 0. What is the remainder when (-6)/(-21) - (-180)/7 is divided by p?
5
Let g(n) = -n**3 - 2*n**2 - 2*n + 4. Suppose 19*k - 159 = -4*q + 14*k, -194 = -4*q + 2*k. Calculate the remainder when g(-5) is divided by q.
43
Suppose 0 = -2*b - 4, 3*f - 6*f - 5*b - 10 = 0. Suppose 4*d + 2 + 2 = f. Calculate the remainder when 21 is divided by ((-11)/3)/(d/3).
10
Let n = -262 - -277. Calculate the remainder when 63 is divided by n.
3
Let k = -14 - -132. Calculate the remainder when k is divided by 40.
38
Let y be ((-2)/3)/((-1)/426). Suppose 4*w + 16 = y. What is the remainder when w is divided by (0 - -2)/(4/34)?
16
Let r = 7 - 7. Suppose -4*x - 3 = -5*t, -4*t - x + r*x = -15. Suppose -3*b = 2*k - 51, -2*k - 23 = -t*b - 104. What is the remainder when k is divided by 7?
5
Calculate the remainder when 2/(-3)*(0 - 69) is divided by 21 + 2 - 10/(40/28).
14
Let c(r) = -7*r - 3. Let p be c(-1). Suppose 0 = w + p - 10. What is the remainder when w is divided by 5?
1
Suppose 0 = 28*b - 6421 - 2259. Calculate the remainder when b is divided by 32.
22
Let m(z) = -z**2 - 20*z + 104. Calculate the remainder when m(0) is divided by 28.
20
Let i(o) = -o**2 - 21*o - 5. Calculate the remainder when 130 is divided by i(-19).
31
Suppose 670 + 1862 = 12*n. Calculate the remainder when n is divided by 43.
39
Suppose -86 = -5*k + 574. Suppose 0 = 4*l - 112 - k. Let j = -29 + 50. What is the remainder when l is divided by j?
19
Suppose -3*s + 7 = -2. Suppose 0*i = 3*i - s. Calculate the remainder when 235/6 + i/(-6) is divided by 10.
9
Suppose 4*r - 3*s - 88 = 57, -4*r - 4*s = -124. Let n(l) = l**2 - 18*l - 2. Let o be n(17). What is the remainder when r is divided by 4/14 + o/(-7) - -6?
7
Suppose 92*b - 99*b + 1050 = 0. What is the remainder when 310 is divided by b?
10
Let g = -9 - -22. Suppose -g = -3*b - 5*y, -b - 3*y = 3*b - 32. Suppose 3*p - 2*p = b. Calculate the remainder when p is divided by 5.
1
Let b(o) = 4*o**3 - 8*o**2 + 7*o - 1. Let y(d) = -d**3 + d**2 + d - 1. Let r(h) = b(h) + 5*y(h). What is the remainder when r(-6) is divided by 16?
14
Calculate the remainder when 114/(-8)*(-40)/30 is divided by 6.
1
Suppose -2*o - 3*o + 4*o = 0. Suppose -10*i + 7*i + 12 = o. Calculate the remainder when 10 is divided by i.
2
Let q = -142 - -206. What is the remainder when q is divided by 13?
12
Suppose 14*d = 18*d - 256. What is the remainder when d is divided by 14?
8
Let z = 14 + -9. Suppose -j = -0*j - z*b - 51, -5*j - b = -281. Calculate the remainder when j is divided by 19.
18
Suppose 3*y - 105 = -5*l, -6*y = 4*l - y - 71. Suppose 4*c = 59 - 3. Calculate the remainder when l is divided by c.
10
Suppose 5*x - 24 = 16. Let k = 7 - 21. Let s = 0 - k. Calculate the remainder when s is divided by x.
6
Let f = -131 - -353. Suppose 4*t + 2*t - f = 0. What is the remainder when 110 is divided by t?
36
Calculate the remainder when 2638 is divided by ((-10)/6*1)/((-130)/936).
10
Let z(j) = -15*j. Let k be (1 - -1)/((-8)/12). Suppose 31 = 6*f - 41. What is the remainder when z(k) is divided by f?
9
Let k(g) = g**2 + 16*g + 32. Calculate the remainder when k(-17) is divided by 14.
7
Let o = -93 - -114. Let r(g) = 13*g - 1. Calculate the remainder when o is divided by r(1).
9
Let u(g) = -g**2 + 8*g + 7. Let p(x) = 1. Let j(k) = -3*p(k) - u(k). Calculate the remainder when 37 is divided by j(10).
7
Let t(c) = -c**2 - 58*c - 302. Calculate the remainder when t(-41) is divided by 33.
32
Suppose 4*q = 2*q + 46. Let n = q + -9. What is the remainder when n is divided by 2?
0
Suppose 7*c = 26*c - 722. Calculate the remainder when 330 is divided by c.
26
Suppose 319*y = 330*y - 154. Calculate the remainder when 192 is divided by y.
10
Let z = 83 + -58. Suppose -3 + 16 = n. Calculate the remainder when z is divided by n.
12
Let t = 468 - 391. Calculate the remainder when t is divided by 12.
5
Let z(s) = s**3 + s**2 + 29. Let c be z(0). Suppose -5*m + c = -4*m. Let j(f) = -f**2 - 26*f + 1872. What is the remainder when m is divided by j(32)?
13
Suppose 61 + 115 = 4*c + 2*l, 2*l + 125 = 3*c. What is the remainder when c is divided by 9?
7
Let j = 33 - 18. Calculate the remainder when j is divided by 15.
0
Let u(a) = -a**2 + 14*a - 43. Suppose -j = -l - 10, -5*j - 4*l + 3 = -2. Calculate the remainder when u(8) is divided by j.
0
Suppose 22*g = 2169 + 207. Calculate the remainder when 383 is divided by g.
59
Suppose -2*q + 5*q = 42. What is the remainder when -123*((-156)/(-18) - 9) is divided by q?
13
Let p(w) = -w**2 - w + 2. Let s be p(-1). Calculate the remainder when (-6)/s - -3*3 is divided by 2.
0
Let o(l) = -l. Let h(w) = w**2 + 3*w - 1. Let i(m) = 2*h(m) + 5*o(m). Let z be (25/20)/((-5)/(-8)). What is the remainder when i(z) is divided by 4?
0
Suppose -4*q - 5 = -21. Suppose t = q*t - 189. Calculate the remainder when t is divided by 22.
19
Let l(d) = 21*d**2 - 22*d**2 - 7*d - 2*d + 10. Calculate the remainder when 29 is divided by l(-9).
9
Suppose 20 = -2*w + 5*v, -4*w + 2 + 2 = v. Suppose w = -2*j + 4, -4*c = -4*j + 23 + 21. Calculate the remainder when 28 is divided by (-6)/(-2) + (-6 - c).
4
Let z(n) = 2*n**2 - 10*n + 6. Suppose 0 = -24*w + 8 + 808. What is the remainder when w is divided by z(6)?
16
Suppose 12*b = 11*b - 79. Let a = -61 - b. Calculate the remainder when a is divided by 11.
7
Suppose 76*b = 11*b + 16835. What is the remainder when b is divided by 13?
12
Suppose 13*g - 126 = -g. What is the remainder when 63 is divided by g?
0
Suppose -14*s + 7 = -13*s. Let p(b) = b**3 - 7*b**2 + 14*b - 17. Suppose -2*d - 105 = -7*d. Calculate the remainder when p(s) is divided by d.
18
What is the remainder when 6*(213/6 + 6) is divided by 25?
24
Suppose b = -5, 7*o - 3*b = 2*o + 270. Suppose -12*n = -9*n - o. Calculate the remainder when 66 is divided by n.
15
Let u(i) = i**3 - 5*i**2 - 7*i + 6. Let l be u(6). Suppose 3*s - s - 16 = l. Suppose -18 - 2 = -4*y. What is the remainder when s is divided by y?
3
Suppose z - 3*b - 247 + 80 = 0, 3*z 